1687)/(-21)) is divided by g?
16
Let l(p) = -p**3 + 2*p**2 + 1. Let j be ((-945)/180)/(1/(-248)*-3). Let r = j - -566. Calculate the remainder when r is divided by l(-2).
13
Calculate the remainder when 1270 is divided by (-86 - -121) + -10 + -2 + (-5 - -8).
22
Let m(k) = 2*k**3 + 60*k**2 + 175*k + 361. Suppose 0*b + 3*b = 9. Calculate the remainder when m(-27) is divided by b.
1
Let v be -3*26/15*-5. Suppose 2*s + 2*s = 3*x, 0 = 5*x + 2*s + v. Calculate the remainder when 145 is divided by -3 - (18/x)/(39/208).
19
Let f(r) = 2*r - 2*r - 10 + r + 11. Let x = -1040 - -1081. What is the remainder when x is divided by f(6)?
6
Let s = 9012 - 8899. Calculate the remainder when s is divided by 59.
54
Suppose 9*h - 324 - 117 = 0. Suppose -6*a + h = -47. What is the remainder when a is divided by 4?
0
Let y = 713 - 419. Let h = y - 280. Calculate the remainder when 95 is divided by h.
11
Let n(f) = 5*f**2 + 26*f + 101. Let c(p) = -15*p**2 - 78*p - 301. Let m(j) = -3*c(j) - 8*n(j). Calculate the remainder when m(-4) is divided by 36.
35
Suppose -20*g = 3*i - 25*g - 159, -2*i + 4*g + 106 = 0. Calculate the remainder when 2170 is divided by i.
50
Let h(s) = s**3 + 16*s**2 - 134*s + 54. Calculate the remainder when 101 is divided by h(-22).
3
Suppose 0 = -4*z + 83 + 29. Suppose z = 8*o - 20. Suppose 0 = 6*a - 9*a + 66. Calculate the remainder when a is divided by o.
4
Suppose 610 = -19*i + 781. Let w(r) = -r**3 + 8*r**2 - 4*r + 4. Calculate the remainder when w(6) is divided by i.
7
Suppose 6*t - 674 = -50. Calculate the remainder when t is divided by 7/(-21) - 268/(-12).
16
Suppose -20*l + 64*l + 2138 = 8298. Calculate the remainder when l is divided by 9.
5
Suppose -5*a + 5996 = -409*v + 405*v, -5*a + 6044 = 4*v. Calculate the remainder when a is divided by 11.
5
Let h(a) = a + 13. Let l be h(0). Let c = -41 + l. Let m = -10 - c. Calculate the remainder when 53 is divided by m.
17
Let f = -4118 + 4317. Calculate the remainder when 623 is divided by f.
26
Let q = 12 - -4. Let r be (-2)/5 + (-173)/5. Let u = -29 - r. Calculate the remainder when q is divided by u.
4
What is the remainder when (-4 - ((-20319)/26)/1)*4/5 is divided by 26 + 0*1/1?
24
Let c(j) = -j**3 + 12*j**2 - 12*j + 63. Let f(h) = -4*h + 135. Let t be f(31). What is the remainder when 188 is divided by c(t)?
32
Let s = 117 + -156. Let m(l) = -l**3 + 8*l**2 + l - 1. What is the remainder when (-8)/(((-4)/(-6))/(52/s)) is divided by m(8)?
2
Suppose -4*q - 5*d + 402 = 0, 4*q - 5*d + 7 = 389. Let t = -87 + q. Suppose -8 = t*a - 85. What is the remainder when 31 is divided by a?
3
Calculate the remainder when 128 is divided by ((-564)/5)/(-3) - 9/((-630)/28).
14
Let r = 4718 - 4688. What is the remainder when 460 is divided by r?
10
Calculate the remainder when (-40)/8*(-9036)/45 is divided by 1002.
2
Suppose 20 - 76 = -4*r. Let c(m) = 4*m**3 - m**2 - 5*m - 6. Let b(u) = -u - 1. Let x(j) = -10*b(j) + 2*c(j). Calculate the remainder when x(2) is divided by r.
12
Suppose 0 = 2*s - 6*n - 350, s + 3*s = -2*n + 728. What is the remainder when s is divided by 48?
37
Let n be 324/180*(16/6 + -1). Suppose -n*r = -4*s + 2*r + 26, 0 = -s - r + 11. Calculate the remainder when 89 is divided by s.
8
Calculate the remainder when 4852/3 - (-1552)/582 is divided by 230.
10
Let v = -3720 + 3760. What is the remainder when 251 is divided by v?
11
Let i be 11 + (-1 - -3 - 5). Let k = i + -1. Suppose -12*z + 181 = -551. What is the remainder when z is divided by k?
5
Calculate the remainder when 334 is divided by (464 - (23 + -11))/4.
108
Suppose 4*j = 7*j - 1359. Suppose 39 = 8*v - 131 + 74. Calculate the remainder when j is divided by v.
9
Let c(q) = 3*q**3 + 3*q**2 - 2*q + 3. Calculate the remainder when (473/946)/(2/836) is divided by c(2).
34
Let c = 2248 + -2177. What is the remainder when c is divided by 70?
1
Let o = 8269 + -8204. Suppose l - 141 = -0*l. Calculate the remainder when l is divided by o.
11
Suppose 92*d + 680 = 1784. Calculate the remainder when 1244/6*(-42)/(-28) is divided by d.
11
Suppose 2980 = 19*o - 11004. Let a = o + -371. Calculate the remainder when a is divided by 23.
20
Let m be (-1)/(2/(-93))*2. Let s = -2428 + 2511. Let a = m - s. Calculate the remainder when 57 is divided by a.
7
Let a = 2713 - 2704. What is the remainder when 152 is divided by a?
8
Let a(z) = -2*z**2 - 3*z - 223. Let f be a(0). Let c = f + 248. What is the remainder when (96/10)/((-4)/(-20)) is divided by c?
23
Calculate the remainder when (1/(8/354))/((-41409)/11556 - (-92)/24) is divided by (1 + 8)*1/1.
6
Let h(n) = 7*n**2 + 38*n + 229. What is the remainder when h(-5) is divided by 93?
28
Let t = 7 - -10. Let y(q) = -7*q - 30. Suppose 107 - 67 = -5*l. What is the remainder when y(l) is divided by t?
9
Let c be 370/111*(142/5 - 2). Suppose -c - 53 = -3*j. What is the remainder when 172 is divided by j?
31
Let m(s) = s**2 + 4*s - 22. Let q(n) = 2*n + 48. Let j be q(-22). Calculate the remainder when 68 is divided by m(j).
8
Let t(z) = -z + 19. Let y be t(-5). Let s(l) = 7*l + 9. What is the remainder when s(y) is divided by 45?
42
Let v be (1*-2 + 7)*1323/35. Suppose -96*b - v = -99*b. What is the remainder when b is divided by 26*(0 + 1/2)?
11
Let z(a) = -a**3 + 7*a**2 - 3*a - 5. Let v = -234320 + 234491. Calculate the remainder when v is divided by z(4).
16
Suppose 0 = -z - 1. Let j(y) = -95*y + 1059. Calculate the remainder when (2/(-5))/(z/60) is divided by j(11).
10
Let d = 52 + -23. Suppose 287 = 2*g + 3*y, -72*y + 68*y - 280 = -2*g. What is the remainder when g is divided by d?
26
Suppose 7*d - 133 = -175. Calculate the remainder when (2 + (-27)/d)*(-3 + 27) is divided by 32.
28
Let o = -108 + 110. Suppose 4*s - 6*n = -4*n + 64, 0 = -o*n. Calculate the remainder when 72 is divided by s.
8
Suppose 2*h = -n + 181, -2*n + 5*n - 9 = 0. Suppose 19*t - 18*t + 16 = 0. Calculate the remainder when h is divided by (3 + t/6)*93.
27
What is the remainder when 1936 is divided by -1 - 658/(-16) - 2/16?
16
Suppose -2*k - 4*t = -230, -3*k + 309 = -14*t + 11*t. What is the remainder when k is divided by 23?
15
Suppose 2*q - 3*c = 2*c + 10, -c = 2. Suppose q = 8*z + 3*z - 187. What is the remainder when 114 is divided by z?
12
Let v = 452 + -437. Let t = 6 + 9. What is the remainder when v is divided by t?
0
Suppose 63*j - 64*j + 3*a + 51 = 0, 3*a + 255 = 5*j. Suppose 155 = 5*g + 5*f, f - 98 = -3*g - 15. What is the remainder when j is divided by (g/4)/((-3)/(-6))?
12
Suppose -26402*f - 225 = -26411*f. Calculate the remainder when 66 is divided by f.
16
Calculate the remainder when -9 - (15228/(-4))/9 is divided by 6.
0
Let l = 11 - 13. Let w(m) = -14*m**3 + 2*m**2 + 4*m + 2. Calculate the remainder when w(l) is divided by (2 + 22/(-8))*(-143 + 103).
24
Suppose y - b = -3, -2*b = -y + 2*y + 6. Let c(k) = 22*k + 157. What is the remainder when c(y) is divided by 7?
6
Let i = 17 - -3. Suppose 4*r = -0*k + 3*k + 44, 2*r - i = 2*k. Calculate the remainder when 41 - (0/(-3))/(-3) is divided by r.
13
Suppose -56*d = 33 - 20081. Calculate the remainder when d is divided by ((-16)/(-6) - 2)*15.
8
Calculate the remainder when (0 + 1)/(5/(-11 - -1651)) is divided by 311.
17
Let j(f) = -9*f**3 + 54*f**2 + 3*f - 3. Calculate the remainder when 1767 is divided by j(6).
12
Let h(n) = n**3 + 12*n**2 - 65*n + 45. What is the remainder when h(-16) is divided by (0 - -2)/(2/7)?
5
Let a = -3198 - -3233. What is the remainder when 2274 is divided by a?
34
Let x be ((-225)/(-12))/(6/24). Suppose 665 = 5*n + x. Suppose 2*h = -3*y + 68, 2*h - 20 = h - 5*y. Calculate the remainder when n is divided by h.
38
Let a = 7 + 167. Suppose -11*w - 232*w + 11280 = -55*w. What is the remainder when a is divided by w?
54
Let t(i) = -i**2 + 2*i + 91. Let b be t(0). Let s = 97 - b. Suppose 21 = 4*u - j + s*j, -u = -2*j - 15. Calculate the remainder when 25 is divided by u.
7
Let a(q) = -q**3 - 27*q**2 + 46*q - 579. What is the remainder when a(-30) is divided by 32?
5
Suppose -s + k = -17, -3*s - 5*k = -4*k - 31. Let i be 2*2/s*(200 - -1). Let o = 95 + i. Calculate the remainder when o is divided by 33.
30
Let k(g) = -60*g + 2. Let y = -15976 - -16001. Calculate the remainder when k(-2) is divided by y.
22
Let l = 6506 + -6462. Calculate the remaind